5*l - 25. What is the remainder when (-4)/(-5)*b*-5 is divided by z(1)?
2
Suppose 0 = -4*w + 31 + 17. Suppose 5*d - 15 = -5. Suppose 54 = d*p + 2*b, b - 2*b - 111 = -5*p. Calculate the remainder when p is divided by w.
11
Let g(i) = -i + 20. Let h(v) = -3*v + 59. Let s(d) = 17*g(d) - 6*h(d). Calculate the remainder when 7 is divided by s(18).
3
Suppose 22 = -8*z + 10*z. Calculate the remainder when z is divided by 6.
5
Suppose 5*b - b - 166 = 2*m, 4*m + 212 = 5*b. What is the remainder when b is divided by 15?
10
Calculate the remainder when 6/(-1)*3*-1 is divided by 0 + (-21)/(-1 + -2).
4
Let a(s) be the second derivative of -s**4/12 + 3*s**3/2 + 2*s**2 + 6*s. What is the remainder when 53 is divided by a(7)?
17
Suppose q = -0 - 8. Let y be 49/(18/q - -2). What is the remainder when y/(-6) - 2/3 is divided by 11?
10
Suppose x = 2*x - 3*n - 4, -3*x - 5*n - 2 = 0. Let p be 2*3 - 1 - x. Suppose 70 = f + p*f. What is the remainder when f is divided by 5?
4
Let g = -49 - -64. What is the remainder when 71 is divided by g?
11
Let o(r) = -16*r - 3. Calculate the remainder when 86 is divided by o(-3).
41
Let p = -28 + 39. Suppose 2*d - 9 = -d. Suppose -26 = -d*q - 5. What is the remainder when p is divided by q?
4
Let h = 29 - 12. Calculate the remainder when 66 is divided by h.
15
Let r = -74 + 151. What is the remainder when r is divided by 39?
38
Suppose -3*o = -5*n + 184, -5*o = n + 2*n - 90. What is the remainder when n is divided by 12?
11
What is the remainder when (-16)/(-3)*(-297)/(-36) is divided by 15?
14
Suppose -4*x - 160 = 104. Let f = 92 + x. Let m = 15 - 1. What is the remainder when f is divided by m?
12
Calculate the remainder when 4 - (-1)/(1/94) is divided by 23.
6
Suppose -3*z + 8 = -2*z. Let t be 4/(-14) - (-726)/42. Suppose -2*p + 11 = -t. What is the remainder when p is divided by z?
6
Suppose -o - 73 = -2*o. What is the remainder when o is divided by -3 + -1 + 6 + 23?
23
Suppose -2*x + 4 + 0 = 2*m, x = -5*m + 26. What is the remainder when (0 - 1)/((-1)/22) is divided by m?
4
Let h be (-2)/(-11) - 920/(-22). Let m = h + -19. Suppose 5*i - 47 = m. Calculate the remainder when 41 is divided by i.
13
Let o(d) = -4*d**3 + 1. Let g = 1 - 2. What is the remainder when 19 is divided by o(g)?
4
Let v = -1328 + 1346. Suppose -5*m + 3*h + 42 = 7*h, -4*m = -h - 42. Calculate the remainder when v is divided by m.
8
Suppose 0 + 1 = g, -7 = -o - g. Calculate the remainder when 10 is divided by o.
4
Let v(r) = 3*r**2 - 3*r + 3. Suppose -6*m = -m + 30. Let f be 1/3 + (-10)/m. Calculate the remainder when 16 is divided by v(f).
7
Calculate the remainder when -1 + -2 + 0 + 73 is divided by (-20)/(-3)*18/5.
22
What is the remainder when -4*18*(0 - 1) is divided by (-9 + -1)/((-28)/42)?
12
Let f(q) be the first derivative of q**3/3 + q**2/2 - q - 2. What is the remainder when 41 is divided by f(3)?
8
Let c = -135 - -83. What is the remainder when c/6*9/(-6) is divided by 5?
3
Suppose 71 = 2*q + 5. What is the remainder when q is divided by 12?
9
Suppose 4*j + 0*j = -2*x + 98, j = x - 40. What is the remainder when x is divided by 11?
10
Calculate the remainder when 141 is divided by (144/(-42))/(4/(-42)).
33
Let w(x) be the first derivative of x**4/4 - 4*x**3/3 - 3*x**2 + 6*x - 4. Suppose 17 = -2*g + 61. Calculate the remainder when w(6) is divided by g.
20
Let l(v) = -v**2 - 7*v. Suppose -2*b - 5*q = -3, 4*b + 4*q = -11 - 1. What is the remainder when 10 is divided by l(b)?
4
What is the remainder when -112*(35/(-10) + 3) is divided by 31?
25
Let k(q) = 6*q - 15. What is the remainder when 33 is divided by k(4)?
6
Let j = -9 + 14. Let r(b) = b**3 - 4*b**2 - 2*b + 4. Calculate the remainder when 36 is divided by r(j).
17
Suppose 3*b - 4*z - 9 = 35, 0 = -b - 3*z - 7. Suppose 5*p - 98 = -b. Calculate the remainder when 53 is divided by p.
17
Suppose 8*d = 10*d - 2. Suppose -5*r + 3*r = -2. What is the remainder when r is divided by d?
0
Let i(n) = 85*n**2 + n - 1. What is the remainder when i(1) is divided by 22?
19
Suppose 4*g - 4*u = 28, 4*g + 2*u - 36 = -2*u. Calculate the remainder when 22 is divided by g.
6
Calculate the remainder when -4 - -1 - (4/1 + -39) is divided by 9.
5
Let x be 2/(-7) - (-814)/7. Let m = x - 83. Calculate the remainder when m is divided by 18.
15
Suppose -2*g + 109 = 4*h + 37, 0 = 3*h + 3*g - 51. Let u(n) = -4*n + n + 7 + 2*n. What is the remainder when h is divided by u(0)?
5
Let r(c) = c**3 - 4*c**2 + c + 1. Let l = 10 + -17. Let n = l + 14. What is the remainder when n is divided by r(4)?
2
Suppose 341 = -5*k - 3*n, -k + 0*n - 67 = n. Calculate the remainder when (8 - -1)/((-15)/k) is divided by 15.
12
Let a(z) = -3 + 4*z**2 + 3 - 3*z - 2. Let i = 24 - 17. Calculate the remainder when a(-2) is divided by i.
6
Let j be 2/4*100/10. Suppose -t + 4*k + 37 = 0, t + 0*k - 40 = j*k. What is the remainder when t is divided by 9?
7
Let l = -18 - -43. Suppose h + 4 = 0, -2*h + 9 = 2*t + 1. What is the remainder when l is divided by (-2)/t - (-37)/4?
7
Let f = 35 + -24. Calculate the remainder when 43 is divided by f.
10
Suppose 0*b + b + 175 = 5*a, 4*a = 3*b + 129. Let r = -23 + a. Calculate the remainder when r is divided by (-4)/10 + 37/5.
6
Let d(f) = -4*f + 30. What is the remainder when 8 is divided by d(6)?
2
Let g(o) = -o + 14. Let i be 117/15 + (-3)/(-15). What is the remainder when 11 is divided by g(i)?
5
Let s(r) = -r**2 - 8*r - 2. Let l(b) = b + 8. Let i be l(-6). Calculate the remainder when 2/i - (-36 + -1) is divided by s(-6).
8
Let c(d) = 11*d**2 + d - 1. Let h be c(1). Let x = 26 - h. Calculate the remainder when 42 is divided by x.
12
Suppose -2*h - 40 = -6*h - 5*c, 4*c - 16 = 0. Suppose 2*l = h*g + 37, -4*l + l = g - 30. What is the remainder when l is divided by 4?
3
Suppose -4*k = -2*k + 2*l, -k + 4*l = -20. What is the remainder when 27 is divided by k?
3
Suppose -l + 78 = -4. Calculate the remainder when l is divided by 21.
19
Let d(p) = -p**3 + 11*p**2 - 6*p - 11. What is the remainder when d(10) is divided by 8?
5
Suppose -4*u = -152 - 20. Suppose t - 2*t = -11. Calculate the remainder when u is divided by t.
10
Suppose -5*v + 520 = -130. Calculate the remainder when v is divided by 19.
16
Let i(a) = 4*a + 14. Let o(d) = 5*d**3 - d**2. Let m be o(1). Suppose -2*x = -f - 80, f + 47 = x + m*f. Calculate the remainder when x is divided by i(0).
13
Let p(z) = -z**3 + 11*z**2 - 8*z - 7. What is the remainder when 37 is divided by p(10)?
11
Calculate the remainder when 10 is divided by (10/(-15))/(6/(-27)).
1
Let q be (4/(-1) - -2) + -3. Let r(l) = -l**3 - 5*l**2 + 2. Calculate the remainder when 3 is divided by r(q).
1
Suppose -4*d + 6 = 2*z, 16 = -d - 4*z - 0*z. Suppose -c = 8*c - 54. Calculate the remainder when c is divided by d.
2
Let s = -2 - -9. What is the remainder when s is divided by 4?
3
Suppose -f - 26 = 4*n, 0 = -2*f - n - 27 + 10. Let m be (-184)/(-12) + 2/3. Let c = f + m. What is the remainder when 18 is divided by c?
8
Let i(s) = 7*s**2 + 6*s + 3*s + 1 - s - 7*s. What is the remainder when i(-1) is divided by 3?
1
Let l be 1/(-2)*1*-42. Suppose d - l = -2*d. Calculate the remainder when d is divided by (-2)/(7/3 - 3).
1
Let k(b) = -4*b + 21. Let s be k(7). What is the remainder when (-39)/s - (-24)/56 is divided by 4?
2
Suppose 4*k = -0*k + 96. What is the remainder when 69 is divided by k?
21
Let m(u) = u**3 + 4*u**2 - 7*u - 5. What is the remainder when m(-4) is divided by 8?
7
Let q = -6 - -6. Suppose 5*v + 8 = 2*t - 0, q = v. What is the remainder when 13 is divided by t?
1
Let b(l) = 4*l**3 - 5*l**3 + 7*l + 1 - 2 + 6*l**2. Let r be b(7). Let v = r + 6. What is the remainder when 17 is divided by v?
2
Let a(u) = -u**3 + 11*u**2 + 4*u - 7. Calculate the remainder when a(11) is divided by 10.
7
What is the remainder when 46 is divided by (-4)/(-3) - 352/(-24)?
14
Let s = 23 + -19. Calculate the remainder when 9 is divided by s.
1
Suppose -5*t + 20 = 0, 3*p - 6*t + 2*t = -25. Calculate the remainder when p*(2 + (-14)/3) is divided by 3.
2
What is the remainder when 33/(3 + -5 + 3) is divided by 19?
14
Let j be 15 - (0 + -1*1). Suppose j + 6 = 2*p. Calculate the remainder when 60/50*(-80)/(-3) is divided by p.
10
Suppose -5*u - 3*s + 4*s = -45, -2*s = 2*u - 6. Calculate the remainder 